{"id":377,"date":"2022-11-03T14:22:00","date_gmt":"2022-11-03T13:22:00","guid":{"rendered":"https:\/\/campus.univ-lyon1.fr\/champignons\/?page_id=377"},"modified":"2023-12-04T07:55:53","modified_gmt":"2023-12-04T06:55:53","slug":"mortel","status":"publish","type":"page","link":"https:\/\/campus.univ-lyon1.fr\/champignons\/comestibilites\/mortel\/","title":{"rendered":"Mortel"},"content":{"rendered":"\n<div class=\"wp-block-columns is-layout-flex wp-container-4\">\n<div class=\"wp-block-column is-layout-flow\" style=\"flex-basis:20%\">\n<figure class=\"wp-block-image size-full\"><img decoding=\"async\" loading=\"lazy\" width=\"1000\" height=\"1000\" src=\"https:\/\/campus.univ-lyon1.fr\/champignons\/files\/2023\/03\/Sans-titre-1.png\" alt=\"\" class=\"wp-image-3187\" srcset=\"https:\/\/campus.univ-lyon1.fr\/champignons\/files\/2023\/03\/Sans-titre-1.png 1000w, https:\/\/campus.univ-lyon1.fr\/champignons\/files\/2023\/03\/Sans-titre-1-300x300.png 300w, https:\/\/campus.univ-lyon1.fr\/champignons\/files\/2023\/03\/Sans-titre-1-150x150.png 150w, https:\/\/campus.univ-lyon1.fr\/champignons\/files\/2023\/03\/Sans-titre-1-768x768.png 768w\" sizes=\"(max-width: 1000px) 100vw, 1000px\" \/><\/figure>\n<\/div>\n\n\n\n<div class=\"wp-block-column is-vertically-aligned-center is-layout-flow\" style=\"flex-basis:60%\">\n<p class=\"has-text-align-center has-nv-c-2-color has-text-color\"><strong><em>La comestibilit\u00e9 d\u2019une esp\u00e8ce est directement li\u00e9e \u00e0 son identification exacte, selon des crit\u00e8res scientifiques. <\/em><br><em>L\u2019amateur ne devra jamais consommer de champignons en se basant sur sa propre d\u00e9termination uniquement r\u00e9alis\u00e9e \u00e0 l\u2019aide de photos ou de vid\u00e9os.<\/em><br><em>Il est dans tous les cas indispensable de faire contr\u00f4ler sa r\u00e9colte par un sp\u00e9cialiste pharmacien, enseignant ou mycologue<\/em>.<\/strong><\/p>\n<\/div>\n\n\n\n<div class=\"wp-block-column is-layout-flow\" style=\"flex-basis:20%\">\n<figure class=\"wp-block-image size-full\"><img decoding=\"async\" loading=\"lazy\" width=\"1000\" height=\"1000\" src=\"https:\/\/campus.univ-lyon1.fr\/champignons\/files\/2023\/03\/Sans-titre-1.png\" alt=\"\" class=\"wp-image-3187\" srcset=\"https:\/\/campus.univ-lyon1.fr\/champignons\/files\/2023\/03\/Sans-titre-1.png 1000w, https:\/\/campus.univ-lyon1.fr\/champignons\/files\/2023\/03\/Sans-titre-1-300x300.png 300w, https:\/\/campus.univ-lyon1.fr\/champignons\/files\/2023\/03\/Sans-titre-1-150x150.png 150w, https:\/\/campus.univ-lyon1.fr\/champignons\/files\/2023\/03\/Sans-titre-1-768x768.png 768w\" sizes=\"(max-width: 1000px) 100vw, 1000px\" \/><\/figure>\n<\/div>\n<\/div>\n\n\n\n<div class=\"wp-block-buttons has-custom-font-size has-medium-font-size is-horizontal is-content-justification-center is-layout-flex wp-container-5\">\n<div class=\"wp-block-button is-style-secondary\"><a class=\"wp-block-button__link wp-element-button\" href=\"https:\/\/campus.univ-lyon1.fr\/champignons\/conseil-de-cueillette\/\">Les conseils de ramassage<\/a><\/div>\n<\/div>\n\n\n\n<div style=\"height:40px\" aria-hidden=\"true\" class=\"wp-block-spacer\"><\/div>\n\n\n\n<div class=\"wp-block-media-text alignwide is-stacked-on-mobile is-vertically-aligned-center is-image-fill\" style=\"grid-template-columns:34% auto\"><figure class=\"wp-block-media-text__media\" style=\"background-image:url(https:\/\/campus.univ-lyon1.fr\/champignons\/files\/2022\/11\/Amanita-phalloides4-annick-simon-e1667922791375-1024x768.jpg);background-position:50% 50%\"><img decoding=\"async\" loading=\"lazy\" width=\"1024\" height=\"768\" src=\"https:\/\/campus.univ-lyon1.fr\/champignons\/files\/2022\/11\/Amanita-phalloides4-annick-simon-e1667922791375-1024x768.jpg\" alt=\"\" class=\"wp-image-903 size-full\" srcset=\"https:\/\/campus.univ-lyon1.fr\/champignons\/files\/2022\/11\/Amanita-phalloides4-annick-simon-e1667922791375-1024x768.jpg 1024w, https:\/\/campus.univ-lyon1.fr\/champignons\/files\/2022\/11\/Amanita-phalloides4-annick-simon-e1667922791375-300x225.jpg 300w, https:\/\/campus.univ-lyon1.fr\/champignons\/files\/2022\/11\/Amanita-phalloides4-annick-simon-e1667922791375-768x576.jpg 768w, https:\/\/campus.univ-lyon1.fr\/champignons\/files\/2022\/11\/Amanita-phalloides4-annick-simon-e1667922791375-1536x1152.jpg 1536w, https:\/\/campus.univ-lyon1.fr\/champignons\/files\/2022\/11\/Amanita-phalloides4-annick-simon-e1667922791375-2048x1536.jpg 2048w\" sizes=\"(max-width: 1024px) 100vw, 1024px\" \/><\/figure><div class=\"wp-block-media-text__content\">\n<h1 class=\"wp-block-heading has-text-align-left\"><a href=\"https:\/\/campus.univ-lyon1.fr\/champignons\/amanita-phalloides\/\">Amanita phalloides<\/a><\/h1>\n<\/div><\/div>\n\n\n\n<div style=\"height:15px\" aria-hidden=\"true\" class=\"wp-block-spacer\"><\/div>\n\n\n\n<div class=\"wp-block-media-text alignwide is-stacked-on-mobile is-vertically-aligned-center is-image-fill\" style=\"grid-template-columns:34% auto\"><figure class=\"wp-block-media-text__media\" style=\"background-image:url(https:\/\/campus.univ-lyon1.fr\/champignons\/files\/2022\/11\/Amanita_proxima_z2-1024x683.jpg);background-position:55% 27%\"><img decoding=\"async\" loading=\"lazy\" width=\"1024\" height=\"683\" src=\"https:\/\/campus.univ-lyon1.fr\/champignons\/files\/2022\/11\/Amanita_proxima_z2-1024x683.jpg\" alt=\"\" class=\"wp-image-920 size-full\" srcset=\"https:\/\/campus.univ-lyon1.fr\/champignons\/files\/2022\/11\/Amanita_proxima_z2-1024x683.jpg 1024w, https:\/\/campus.univ-lyon1.fr\/champignons\/files\/2022\/11\/Amanita_proxima_z2-300x200.jpg 300w, https:\/\/campus.univ-lyon1.fr\/champignons\/files\/2022\/11\/Amanita_proxima_z2-768x512.jpg 768w, https:\/\/campus.univ-lyon1.fr\/champignons\/files\/2022\/11\/Amanita_proxima_z2-1536x1024.jpg 1536w, https:\/\/campus.univ-lyon1.fr\/champignons\/files\/2022\/11\/Amanita_proxima_z2-2048x1365.jpg 2048w, https:\/\/campus.univ-lyon1.fr\/champignons\/files\/2022\/11\/Amanita_proxima_z2-930x620.jpg 930w\" sizes=\"(max-width: 1024px) 100vw, 1024px\" \/><\/figure><div class=\"wp-block-media-text__content\">\n<h1 class=\"wp-block-heading has-text-align-left\"><a href=\"https:\/\/campus.univ-lyon1.fr\/champignons\/amanita-proxima\/\">Amanita proxima<\/a><\/h1>\n<\/div><\/div>\n\n\n\n<div style=\"height:15px\" aria-hidden=\"true\" class=\"wp-block-spacer\"><\/div>\n\n\n\n<div class=\"wp-block-media-text alignwide is-stacked-on-mobile is-vertically-aligned-center is-image-fill\" style=\"grid-template-columns:34% auto\"><figure class=\"wp-block-media-text__media\" style=\"background-image:url(https:\/\/campus.univ-lyon1.fr\/champignons\/files\/2023\/02\/DSC06872-Annick-Simon-1024x768.jpg);background-position:50% 50%\"><img decoding=\"async\" loading=\"lazy\" width=\"1024\" height=\"768\" src=\"https:\/\/campus.univ-lyon1.fr\/champignons\/files\/2023\/02\/DSC06872-Annick-Simon-1024x768.jpg\" alt=\"\" class=\"wp-image-1829 size-full\" srcset=\"https:\/\/campus.univ-lyon1.fr\/champignons\/files\/2023\/02\/DSC06872-Annick-Simon-1024x768.jpg 1024w, https:\/\/campus.univ-lyon1.fr\/champignons\/files\/2023\/02\/DSC06872-Annick-Simon-300x225.jpg 300w, https:\/\/campus.univ-lyon1.fr\/champignons\/files\/2023\/02\/DSC06872-Annick-Simon-768x576.jpg 768w, https:\/\/campus.univ-lyon1.fr\/champignons\/files\/2023\/02\/DSC06872-Annick-Simon-1536x1152.jpg 1536w, https:\/\/campus.univ-lyon1.fr\/champignons\/files\/2023\/02\/DSC06872-Annick-Simon.jpg 1632w\" sizes=\"(max-width: 1024px) 100vw, 1024px\" \/><\/figure><div class=\"wp-block-media-text__content\">\n<h1 class=\"wp-block-heading has-text-align-left\"><a href=\"https:\/\/campus.univ-lyon1.fr\/champignons\/cortinarius-orellanus\/\">Cortinarius orellanus<\/a><\/h1>\n<\/div><\/div>\n\n\n\n<div style=\"height:15px\" aria-hidden=\"true\" class=\"wp-block-spacer\"><\/div>\n\n\n\n<div class=\"wp-block-media-text alignwide is-stacked-on-mobile is-vertically-aligned-center is-image-fill\" style=\"grid-template-columns:34% auto\"><figure class=\"wp-block-media-text__media\" style=\"background-image:url(https:\/\/campus.univ-lyon1.fr\/champignons\/files\/2023\/02\/Galerina.eric_2-1024x683.jpg);background-position:50% 50%\"><img decoding=\"async\" loading=\"lazy\" width=\"1024\" height=\"683\" src=\"https:\/\/campus.univ-lyon1.fr\/champignons\/files\/2023\/02\/Galerina.eric_2-1024x683.jpg\" alt=\"\" class=\"wp-image-1878 size-full\" srcset=\"https:\/\/campus.univ-lyon1.fr\/champignons\/files\/2023\/02\/Galerina.eric_2-1024x683.jpg 1024w, https:\/\/campus.univ-lyon1.fr\/champignons\/files\/2023\/02\/Galerina.eric_2-300x200.jpg 300w, https:\/\/campus.univ-lyon1.fr\/champignons\/files\/2023\/02\/Galerina.eric_2-768x512.jpg 768w, https:\/\/campus.univ-lyon1.fr\/champignons\/files\/2023\/02\/Galerina.eric_2-1536x1024.jpg 1536w, https:\/\/campus.univ-lyon1.fr\/champignons\/files\/2023\/02\/Galerina.eric_2-2048x1365.jpg 2048w, https:\/\/campus.univ-lyon1.fr\/champignons\/files\/2023\/02\/Galerina.eric_2-930x620.jpg 930w\" sizes=\"(max-width: 1024px) 100vw, 1024px\" \/><\/figure><div class=\"wp-block-media-text__content\">\n<h1 class=\"wp-block-heading has-text-align-left\"><a href=\"https:\/\/campus.univ-lyon1.fr\/champignons\/galerina-marginata\/\">Galerina marginata<\/a><\/h1>\n<\/div><\/div>\n\n\n\n<div style=\"height:15px\" aria-hidden=\"true\" class=\"wp-block-spacer\"><\/div>\n\n\n\n<div class=\"wp-block-media-text alignwide is-stacked-on-mobile is-vertically-aligned-center is-image-fill\" style=\"grid-template-columns:34% auto\"><figure class=\"wp-block-media-text__media\" style=\"background-image:url(https:\/\/campus.univ-lyon1.fr\/champignons\/files\/2023\/03\/DSC_3771-1024x683.jpg);background-position:50% 50%\"><img decoding=\"async\" loading=\"lazy\" width=\"1024\" height=\"683\" src=\"https:\/\/campus.univ-lyon1.fr\/champignons\/files\/2023\/03\/DSC_3771-1024x683.jpg\" alt=\"\" class=\"wp-image-2438 size-full\" srcset=\"https:\/\/campus.univ-lyon1.fr\/champignons\/files\/2023\/03\/DSC_3771-1024x683.jpg 1024w, https:\/\/campus.univ-lyon1.fr\/champignons\/files\/2023\/03\/DSC_3771-300x200.jpg 300w, https:\/\/campus.univ-lyon1.fr\/champignons\/files\/2023\/03\/DSC_3771-768x512.jpg 768w, https:\/\/campus.univ-lyon1.fr\/champignons\/files\/2023\/03\/DSC_3771-1536x1024.jpg 1536w, https:\/\/campus.univ-lyon1.fr\/champignons\/files\/2023\/03\/DSC_3771-2048x1365.jpg 2048w, https:\/\/campus.univ-lyon1.fr\/champignons\/files\/2023\/03\/DSC_3771-930x620.jpg 930w\" sizes=\"(max-width: 1024px) 100vw, 1024px\" \/><\/figure><div class=\"wp-block-media-text__content\">\n<h1 class=\"wp-block-heading has-text-align-left\"><a href=\"https:\/\/campus.univ-lyon1.fr\/champignons\/paxillus-involutus\/\">Paxillus involutus<\/a><\/h1>\n<\/div><\/div>\n\n\n\n<div style=\"height:15px\" aria-hidden=\"true\" class=\"wp-block-spacer\"><\/div>\n\n\n\n<div class=\"wp-block-media-text alignwide is-stacked-on-mobile is-vertically-aligned-center is-image-fill\" style=\"grid-template-columns:34% auto\"><figure class=\"wp-block-media-text__media\" style=\"background-image:url(https:\/\/campus.univ-lyon1.fr\/champignons\/files\/2023\/11\/image-9.png);background-position:50% 50%\"><img decoding=\"async\" loading=\"lazy\" width=\"621\" height=\"349\" src=\"https:\/\/campus.univ-lyon1.fr\/champignons\/files\/2023\/11\/image-9.png\" alt=\"\" class=\"wp-image-6906 size-full\" srcset=\"https:\/\/campus.univ-lyon1.fr\/champignons\/files\/2023\/11\/image-9.png 621w, https:\/\/campus.univ-lyon1.fr\/champignons\/files\/2023\/11\/image-9-300x169.png 300w\" sizes=\"(max-width: 621px) 100vw, 621px\" \/><\/figure><div class=\"wp-block-media-text__content\">\n<h1 class=\"wp-block-heading has-text-align-left\"><a href=\"https:\/\/campus.univ-lyon1.fr\/champignons\/base-de-donnees\/russula-subnigricans\/\">Russula subnigricans<\/a><\/h1>\n<\/div><\/div>\n\n\n\n<div style=\"height:15px\" aria-hidden=\"true\" class=\"wp-block-spacer\"><\/div>\n\n\n\n<div class=\"wp-block-media-text alignwide is-stacked-on-mobile is-vertically-aligned-center is-image-fill\" style=\"grid-template-columns:34% auto\"><figure class=\"wp-block-media-text__media\" style=\"background-image:url(https:\/\/campus.univ-lyon1.fr\/champignons\/files\/2023\/11\/Tricholoma_auratum_z1-1024x683.jpg);background-position:50% 50%\"><img decoding=\"async\" loading=\"lazy\" width=\"1024\" height=\"683\" src=\"https:\/\/campus.univ-lyon1.fr\/champignons\/files\/2023\/11\/Tricholoma_auratum_z1-1024x683.jpg\" alt=\"\" class=\"wp-image-6871 size-full\" srcset=\"https:\/\/campus.univ-lyon1.fr\/champignons\/files\/2023\/11\/Tricholoma_auratum_z1-1024x683.jpg 1024w, https:\/\/campus.univ-lyon1.fr\/champignons\/files\/2023\/11\/Tricholoma_auratum_z1-300x200.jpg 300w, https:\/\/campus.univ-lyon1.fr\/champignons\/files\/2023\/11\/Tricholoma_auratum_z1-768x512.jpg 768w, https:\/\/campus.univ-lyon1.fr\/champignons\/files\/2023\/11\/Tricholoma_auratum_z1-1536x1024.jpg 1536w, https:\/\/campus.univ-lyon1.fr\/champignons\/files\/2023\/11\/Tricholoma_auratum_z1-2048x1365.jpg 2048w, https:\/\/campus.univ-lyon1.fr\/champignons\/files\/2023\/11\/Tricholoma_auratum_z1-930x620.jpg 930w\" sizes=\"(max-width: 1024px) 100vw, 1024px\" \/><\/figure><div class=\"wp-block-media-text__content\">\n<h1 class=\"wp-block-heading has-text-align-left\"><a href=\"https:\/\/campus.univ-lyon1.fr\/champignons\/base-de-donnees\/tricholoma-auratum\/\">Tricholoma auratum<\/a><\/h1>\n<\/div><\/div>\n\n\n\n<div style=\"height:15px\" aria-hidden=\"true\" class=\"wp-block-spacer\"><\/div>\n\n\n\n<div class=\"wp-block-media-text alignwide is-stacked-on-mobile is-vertically-aligned-center is-image-fill\" style=\"grid-template-columns:34% auto\"><figure class=\"wp-block-media-text__media\" style=\"background-image:url(https:\/\/campus.univ-lyon1.fr\/champignons\/files\/2023\/11\/Tricholoma_equestre_z1-1024x683.jpg);background-position:50% 50%\"><img decoding=\"async\" loading=\"lazy\" width=\"1024\" height=\"683\" src=\"https:\/\/campus.univ-lyon1.fr\/champignons\/files\/2023\/11\/Tricholoma_equestre_z1-1024x683.jpg\" alt=\"\" class=\"wp-image-6875 size-full\" srcset=\"https:\/\/campus.univ-lyon1.fr\/champignons\/files\/2023\/11\/Tricholoma_equestre_z1-1024x683.jpg 1024w, https:\/\/campus.univ-lyon1.fr\/champignons\/files\/2023\/11\/Tricholoma_equestre_z1-300x200.jpg 300w, https:\/\/campus.univ-lyon1.fr\/champignons\/files\/2023\/11\/Tricholoma_equestre_z1-768x512.jpg 768w, https:\/\/campus.univ-lyon1.fr\/champignons\/files\/2023\/11\/Tricholoma_equestre_z1-1536x1024.jpg 1536w, https:\/\/campus.univ-lyon1.fr\/champignons\/files\/2023\/11\/Tricholoma_equestre_z1-2048x1365.jpg 2048w, https:\/\/campus.univ-lyon1.fr\/champignons\/files\/2023\/11\/Tricholoma_equestre_z1-930x620.jpg 930w\" sizes=\"(max-width: 1024px) 100vw, 1024px\" \/><\/figure><div class=\"wp-block-media-text__content\">\n<h1 class=\"wp-block-heading has-text-align-left\"><a href=\"https:\/\/campus.univ-lyon1.fr\/champignons\/base-de-donnees\/tricholoma-flavovirens-tricholoma-equestre\/\">Tricholoma flavovirens \/ Tricholoma equestre<\/a><\/h1>\n<\/div><\/div>\n\n\n\n<div style=\"height:15px\" aria-hidden=\"true\" class=\"wp-block-spacer\"><\/div>\n","protected":false},"excerpt":{"rendered":"<p>La comestibilit\u00e9 d\u2019une esp\u00e8ce est directement li\u00e9e \u00e0 son identification exacte, selon des crit\u00e8res scientifiques. L\u2019amateur ne devra jamais consommer de champignons en se basant sur sa propre d\u00e9termination uniquement r\u00e9alis\u00e9e \u00e0 l\u2019aide de photos ou de vid\u00e9os.Il est dans tous les cas indispensable de faire contr\u00f4ler sa r\u00e9colte par un sp\u00e9cialiste pharmacien, enseignant ou&hellip;&nbsp;<a href=\"https:\/\/campus.univ-lyon1.fr\/champignons\/comestibilites\/mortel\/\" rel=\"bookmark\">Lire la suite &raquo;<span class=\"screen-reader-text\">Mortel<\/span><\/a><\/p>\n","protected":false},"author":2981,"featured_media":0,"parent":92,"menu_order":0,"comment_status":"closed","ping_status":"closed","template":"","meta":{"neve_meta_sidebar":"","neve_meta_container":"","neve_meta_enable_content_width":"","neve_meta_content_width":0,"neve_meta_title_alignment":"","neve_meta_author_avatar":"","neve_post_elements_order":"","neve_meta_disable_header":"","neve_meta_disable_footer":"","neve_meta_disable_title":""},"yoast_head":"<!-- This site is optimized with the Yoast SEO plugin v21.8.1 - https:\/\/yoast.com\/wordpress\/plugins\/seo\/ -->\n<title>Mortel - Champignons Lyon 1<\/title>\n<meta name=\"robots\" content=\"index, follow, max-snippet:-1, max-image-preview:large, max-video-preview:-1\" \/>\n<link rel=\"canonical\" href=\"http:\/\/campus.univ-lyon1.fr\/champignons\/comestibilites\/mortel\/\" \/>\n<meta property=\"og:locale\" content=\"fr_FR\" \/>\n<meta property=\"og:type\" content=\"article\" \/>\n<meta property=\"og:title\" content=\"Mortel - Champignons Lyon 1\" \/>\n<meta property=\"og:description\" content=\"La comestibilit\u00e9 d\u2019une esp\u00e8ce est directement li\u00e9e \u00e0 son identification exacte, selon des crit\u00e8res scientifiques. L\u2019amateur ne devra jamais consommer de champignons en se basant sur sa propre d\u00e9termination uniquement r\u00e9alis\u00e9e \u00e0 l\u2019aide de photos ou de vid\u00e9os.Il est dans tous les cas indispensable de faire contr\u00f4ler sa r\u00e9colte par un sp\u00e9cialiste pharmacien, enseignant ou&hellip;&nbsp;Lire la suite &raquo;Mortel\" \/>\n<meta property=\"og:url\" content=\"http:\/\/campus.univ-lyon1.fr\/champignons\/comestibilites\/mortel\/\" \/>\n<meta property=\"og:site_name\" content=\"Champignons Lyon 1\" \/>\n<meta property=\"article:modified_time\" content=\"2023-12-04T06:55:53+00:00\" \/>\n<meta property=\"og:image\" content=\"https:\/\/campus.univ-lyon1.fr\/champignons\/files\/2023\/03\/Sans-titre-1.png\" \/>\n<meta name=\"twitter:card\" content=\"summary_large_image\" \/>\n<meta name=\"twitter:label1\" content=\"Dur\u00e9e de lecture estim\u00e9e\" \/>\n\t<meta name=\"twitter:data1\" content=\"3 minutes\" \/>\n<script type=\"application\/ld+json\" class=\"yoast-schema-graph\">{\"@context\":\"https:\/\/schema.org\",\"@graph\":[{\"@type\":\"WebPage\",\"@id\":\"http:\/\/campus.univ-lyon1.fr\/champignons\/comestibilites\/mortel\/\",\"url\":\"http:\/\/campus.univ-lyon1.fr\/champignons\/comestibilites\/mortel\/\",\"name\":\"Mortel - Champignons Lyon 1\",\"isPartOf\":{\"@id\":\"https:\/\/campus.univ-lyon1.fr\/champignons\/#website\"},\"datePublished\":\"2022-11-03T13:22:00+00:00\",\"dateModified\":\"2023-12-04T06:55:53+00:00\",\"breadcrumb\":{\"@id\":\"http:\/\/campus.univ-lyon1.fr\/champignons\/comestibilites\/mortel\/#breadcrumb\"},\"inLanguage\":\"fr-FR\",\"potentialAction\":[{\"@type\":\"ReadAction\",\"target\":[\"http:\/\/campus.univ-lyon1.fr\/champignons\/comestibilites\/mortel\/\"]}]},{\"@type\":\"BreadcrumbList\",\"@id\":\"http:\/\/campus.univ-lyon1.fr\/champignons\/comestibilites\/mortel\/#breadcrumb\",\"itemListElement\":[{\"@type\":\"ListItem\",\"position\":1,\"name\":\"Accueil\",\"item\":\"https:\/\/campus.univ-lyon1.fr\/champignons\/\"},{\"@type\":\"ListItem\",\"position\":2,\"name\":\"Par comestibilit\u00e9\",\"item\":\"http:\/\/campus.univ-lyon1.fr\/champignons\/comestibilites\/\"},{\"@type\":\"ListItem\",\"position\":3,\"name\":\"Mortel\"}]},{\"@type\":\"WebSite\",\"@id\":\"https:\/\/campus.univ-lyon1.fr\/champignons\/#website\",\"url\":\"https:\/\/campus.univ-lyon1.fr\/champignons\/\",\"name\":\"Champignons Lyon 1\",\"description\":\"Bienvenue sur le site de mycologie de la facult\u00e9 de Lyon !\",\"publisher\":{\"@id\":\"https:\/\/campus.univ-lyon1.fr\/champignons\/#organization\"},\"potentialAction\":[{\"@type\":\"SearchAction\",\"target\":{\"@type\":\"EntryPoint\",\"urlTemplate\":\"https:\/\/campus.univ-lyon1.fr\/champignons\/?s={search_term_string}\"},\"query-input\":\"required name=search_term_string\"}],\"inLanguage\":\"fr-FR\"},{\"@type\":\"Organization\",\"@id\":\"https:\/\/campus.univ-lyon1.fr\/champignons\/#organization\",\"name\":\"Champignons Lyon 1\",\"url\":\"https:\/\/campus.univ-lyon1.fr\/champignons\/\",\"logo\":{\"@type\":\"ImageObject\",\"inLanguage\":\"fr-FR\",\"@id\":\"https:\/\/campus.univ-lyon1.fr\/champignons\/#\/schema\/logo\/image\/\",\"url\":\"https:\/\/campus.univ-lyon1.fr\/champignons\/files\/2023\/10\/cropped-Sans-titre-1-1-1.png\",\"contentUrl\":\"https:\/\/campus.univ-lyon1.fr\/champignons\/files\/2023\/10\/cropped-Sans-titre-1-1-1.png\",\"width\":200,\"height\":181,\"caption\":\"Champignons Lyon 1\"},\"image\":{\"@id\":\"https:\/\/campus.univ-lyon1.fr\/champignons\/#\/schema\/logo\/image\/\"}}]}<\/script>\n<!-- \/ Yoast SEO plugin. -->","yoast_head_json":{"title":"Mortel - Champignons Lyon 1","robots":{"index":"index","follow":"follow","max-snippet":"max-snippet:-1","max-image-preview":"max-image-preview:large","max-video-preview":"max-video-preview:-1"},"canonical":"http:\/\/campus.univ-lyon1.fr\/champignons\/comestibilites\/mortel\/","og_locale":"fr_FR","og_type":"article","og_title":"Mortel - Champignons Lyon 1","og_description":"La comestibilit\u00e9 d\u2019une esp\u00e8ce est directement li\u00e9e \u00e0 son identification exacte, selon des crit\u00e8res scientifiques. L\u2019amateur ne devra jamais consommer de champignons en se basant sur sa propre d\u00e9termination uniquement r\u00e9alis\u00e9e \u00e0 l\u2019aide de photos ou de vid\u00e9os.Il est dans tous les cas indispensable de faire contr\u00f4ler sa r\u00e9colte par un sp\u00e9cialiste pharmacien, enseignant ou&hellip;&nbsp;Lire la suite &raquo;Mortel","og_url":"http:\/\/campus.univ-lyon1.fr\/champignons\/comestibilites\/mortel\/","og_site_name":"Champignons Lyon 1","article_modified_time":"2023-12-04T06:55:53+00:00","og_image":[{"url":"https:\/\/campus.univ-lyon1.fr\/champignons\/files\/2023\/03\/Sans-titre-1.png"}],"twitter_card":"summary_large_image","twitter_misc":{"Dur\u00e9e de lecture estim\u00e9e":"3 minutes"},"schema":{"@context":"https:\/\/schema.org","@graph":[{"@type":"WebPage","@id":"http:\/\/campus.univ-lyon1.fr\/champignons\/comestibilites\/mortel\/","url":"http:\/\/campus.univ-lyon1.fr\/champignons\/comestibilites\/mortel\/","name":"Mortel - Champignons Lyon 1","isPartOf":{"@id":"https:\/\/campus.univ-lyon1.fr\/champignons\/#website"},"datePublished":"2022-11-03T13:22:00+00:00","dateModified":"2023-12-04T06:55:53+00:00","breadcrumb":{"@id":"http:\/\/campus.univ-lyon1.fr\/champignons\/comestibilites\/mortel\/#breadcrumb"},"inLanguage":"fr-FR","potentialAction":[{"@type":"ReadAction","target":["http:\/\/campus.univ-lyon1.fr\/champignons\/comestibilites\/mortel\/"]}]},{"@type":"BreadcrumbList","@id":"http:\/\/campus.univ-lyon1.fr\/champignons\/comestibilites\/mortel\/#breadcrumb","itemListElement":[{"@type":"ListItem","position":1,"name":"Accueil","item":"https:\/\/campus.univ-lyon1.fr\/champignons\/"},{"@type":"ListItem","position":2,"name":"Par comestibilit\u00e9","item":"http:\/\/campus.univ-lyon1.fr\/champignons\/comestibilites\/"},{"@type":"ListItem","position":3,"name":"Mortel"}]},{"@type":"WebSite","@id":"https:\/\/campus.univ-lyon1.fr\/champignons\/#website","url":"https:\/\/campus.univ-lyon1.fr\/champignons\/","name":"Champignons Lyon 1","description":"Bienvenue sur le site de mycologie de la facult\u00e9 de Lyon !","publisher":{"@id":"https:\/\/campus.univ-lyon1.fr\/champignons\/#organization"},"potentialAction":[{"@type":"SearchAction","target":{"@type":"EntryPoint","urlTemplate":"https:\/\/campus.univ-lyon1.fr\/champignons\/?s={search_term_string}"},"query-input":"required name=search_term_string"}],"inLanguage":"fr-FR"},{"@type":"Organization","@id":"https:\/\/campus.univ-lyon1.fr\/champignons\/#organization","name":"Champignons Lyon 1","url":"https:\/\/campus.univ-lyon1.fr\/champignons\/","logo":{"@type":"ImageObject","inLanguage":"fr-FR","@id":"https:\/\/campus.univ-lyon1.fr\/champignons\/#\/schema\/logo\/image\/","url":"https:\/\/campus.univ-lyon1.fr\/champignons\/files\/2023\/10\/cropped-Sans-titre-1-1-1.png","contentUrl":"https:\/\/campus.univ-lyon1.fr\/champignons\/files\/2023\/10\/cropped-Sans-titre-1-1-1.png","width":200,"height":181,"caption":"Champignons Lyon 1"},"image":{"@id":"https:\/\/campus.univ-lyon1.fr\/champignons\/#\/schema\/logo\/image\/"}}]}},"_links":{"self":[{"href":"https:\/\/campus.univ-lyon1.fr\/champignons\/wp-json\/wp\/v2\/pages\/377"}],"collection":[{"href":"https:\/\/campus.univ-lyon1.fr\/champignons\/wp-json\/wp\/v2\/pages"}],"about":[{"href":"https:\/\/campus.univ-lyon1.fr\/champignons\/wp-json\/wp\/v2\/types\/page"}],"author":[{"embeddable":true,"href":"https:\/\/campus.univ-lyon1.fr\/champignons\/wp-json\/wp\/v2\/users\/2981"}],"replies":[{"embeddable":true,"href":"https:\/\/campus.univ-lyon1.fr\/champignons\/wp-json\/wp\/v2\/comments?post=377"}],"version-history":[{"count":13,"href":"https:\/\/campus.univ-lyon1.fr\/champignons\/wp-json\/wp\/v2\/pages\/377\/revisions"}],"predecessor-version":[{"id":7684,"href":"https:\/\/campus.univ-lyon1.fr\/champignons\/wp-json\/wp\/v2\/pages\/377\/revisions\/7684"}],"up":[{"embeddable":true,"href":"https:\/\/campus.univ-lyon1.fr\/champignons\/wp-json\/wp\/v2\/pages\/92"}],"wp:attachment":[{"href":"https:\/\/campus.univ-lyon1.fr\/champignons\/wp-json\/wp\/v2\/media?parent=377"}],"curies":[{"name":"wp","href":"https:\/\/api.w.org\/{rel}","templated":true}]}}