{"id":486,"date":"2022-03-09T15:11:45","date_gmt":"2022-03-09T14:11:45","guid":{"rendered":"https:\/\/campus.univ-lyon1.fr\/cclyonest\/?page_id=486"},"modified":"2023-03-08T19:56:46","modified_gmt":"2023-03-08T18:56:46","slug":"promotion-2021","status":"publish","type":"page","link":"https:\/\/campus.univ-lyon1.fr\/cclyonest\/promotion-2021\/","title":{"rendered":"Promotion 2021"},"content":{"rendered":"\t\t<div data-elementor-type=\"wp-page\" data-elementor-id=\"486\" class=\"elementor elementor-486\">\n\t\t\t\t\t\t<section class=\"elementor-section elementor-top-section elementor-element elementor-element-8d763ee elementor-section-boxed elementor-section-height-default elementor-section-height-default\" data-id=\"8d763ee\" data-element_type=\"section\">\n\t\t\t\t\t\t<div class=\"elementor-container elementor-column-gap-default\">\n\t\t\t\t\t<div class=\"elementor-column elementor-col-50 elementor-top-column elementor-element elementor-element-686fba1\" data-id=\"686fba1\" data-element_type=\"column\">\n\t\t\t<div class=\"elementor-widget-wrap elementor-element-populated\">\n\t\t\t\t\t\t<div class=\"elementor-element elementor-element-6a6fb71 elementor-widget elementor-widget-image\" data-id=\"6a6fb71\" data-element_type=\"widget\" data-widget_type=\"image.default\">\n\t\t\t\t<div class=\"elementor-widget-container\">\n\t\t\t\t\t\t\t\t\t\t\t\t\t<img decoding=\"async\" width=\"300\" height=\"133\" src=\"https:\/\/campus.univ-lyon1.fr\/cclyonest\/files\/2022\/03\/logo-commission-copie.png\" class=\"attachment-full size-full wp-image-386\" alt=\"\" \/>\t\t\t\t\t\t\t\t\t\t\t\t\t<\/div>\n\t\t\t\t<\/div>\n\t\t\t\t\t<\/div>\n\t\t<\/div>\n\t\t\t\t<div class=\"elementor-column elementor-col-50 elementor-top-column elementor-element elementor-element-4e99449\" data-id=\"4e99449\" data-element_type=\"column\">\n\t\t\t<div class=\"elementor-widget-wrap elementor-element-populated\">\n\t\t\t\t\t\t<div class=\"elementor-element elementor-element-80787b4 elementor-widget elementor-widget-text-editor\" data-id=\"80787b4\" data-element_type=\"widget\" data-widget_type=\"text-editor.default\">\n\t\t\t\t<div class=\"elementor-widget-container\">\n\t\t\t\t\t\t\t<h6><i>\u00ab\u00a0L&rsquo;art, c&rsquo;est le plus court chemin de l&rsquo;homme \u00e0 l&rsquo;homme\u00a0\u00bb<br \/><\/i>Andr\u00e9 Malraux<\/h6>\t\t\t\t\t\t<\/div>\n\t\t\t\t<\/div>\n\t\t\t\t<div class=\"elementor-element elementor-element-38eb65e elementor-widget elementor-widget-image\" data-id=\"38eb65e\" data-element_type=\"widget\" data-widget_type=\"image.default\">\n\t\t\t\t<div class=\"elementor-widget-container\">\n\t\t\t\t\t\t\t\t\t\t\t\t\t<img decoding=\"async\" width=\"230\" height=\"127\" src=\"https:\/\/campus.univ-lyon1.fr\/cclyonest\/files\/2022\/02\/logo-lyonEst.png\" class=\"attachment-full size-full wp-image-282\" alt=\"\" \/>\t\t\t\t\t\t\t\t\t\t\t\t\t<\/div>\n\t\t\t\t<\/div>\n\t\t\t\t\t<\/div>\n\t\t<\/div>\n\t\t\t\t\t<\/div>\n\t\t<\/section>\n\t\t\t\t<section class=\"elementor-section elementor-top-section elementor-element elementor-element-8fb5492 elementor-section-boxed elementor-section-height-default elementor-section-height-default\" data-id=\"8fb5492\" data-element_type=\"section\">\n\t\t\t\t\t\t<div class=\"elementor-container elementor-column-gap-default\">\n\t\t\t\t\t<div class=\"elementor-column elementor-col-100 elementor-top-column elementor-element elementor-element-a4e95c1\" data-id=\"a4e95c1\" data-element_type=\"column\">\n\t\t\t<div class=\"elementor-widget-wrap elementor-element-populated\">\n\t\t\t\t\t\t<div class=\"elementor-element elementor-element-6d45e68 elementor-widget__width-initial elementor-absolute elementor-widget elementor-widget-spacer\" data-id=\"6d45e68\" data-element_type=\"widget\" data-settings=\"{&quot;_position&quot;:&quot;absolute&quot;}\" data-widget_type=\"spacer.default\">\n\t\t\t\t<div class=\"elementor-widget-container\">\n\t\t\t\t\t<div class=\"elementor-spacer\">\n\t\t\t<div class=\"elementor-spacer-inner\"><\/div>\n\t\t<\/div>\n\t\t\t\t<\/div>\n\t\t\t\t<\/div>\n\t\t\t\t<div class=\"elementor-element elementor-element-9db0a2a elementor-arrows-position-inside elementor-invisible elementor-widget elementor-widget-image-carousel\" data-id=\"9db0a2a\" data-element_type=\"widget\" data-settings=\"{&quot;slides_to_show&quot;:&quot;1&quot;,&quot;navigation&quot;:&quot;arrows&quot;,&quot;_animation&quot;:&quot;fadeIn&quot;,&quot;autoplay&quot;:&quot;yes&quot;,&quot;pause_on_hover&quot;:&quot;yes&quot;,&quot;pause_on_interaction&quot;:&quot;yes&quot;,&quot;autoplay_speed&quot;:5000,&quot;infinite&quot;:&quot;yes&quot;,&quot;effect&quot;:&quot;slide&quot;,&quot;speed&quot;:500}\" data-widget_type=\"image-carousel.default\">\n\t\t\t\t<div class=\"elementor-widget-container\">\n\t\t\t\t\t<div class=\"elementor-image-carousel-wrapper swiper\" dir=\"ltr\">\n\t\t\t<div class=\"elementor-image-carousel swiper-wrapper swiper-image-stretch\" aria-live=\"off\">\n\t\t\t\t\t\t\t\t<div class=\"swiper-slide\" role=\"group\" aria-roledescription=\"slide\" aria-label=\"1 of 17\"><figure class=\"swiper-slide-inner\"><img decoding=\"async\" class=\"swiper-slide-image\" src=\"https:\/\/campus.univ-lyon1.fr\/cclyonest\/files\/elementor\/thumbs\/AdobeStock_24194350-scaled-pivd012lela9g784shzvc0obtwd0uebmwrx3r4yh40.jpeg\" alt=\"Mus\u00e9e\" \/><\/figure><\/div><div class=\"swiper-slide\" role=\"group\" aria-roledescription=\"slide\" aria-label=\"2 of 17\"><figure class=\"swiper-slide-inner\"><img decoding=\"async\" class=\"swiper-slide-image\" src=\"https:\/\/campus.univ-lyon1.fr\/cclyonest\/files\/elementor\/thumbs\/AdobeStock_30665978-scaled-pivd05rscrgp291b12106hhmstpuwvualf6j5iri8w.jpeg\" alt=\"Close up shot of piano keyboard with spot light on\" \/><\/figure><\/div><div class=\"swiper-slide\" role=\"group\" aria-roledescription=\"slide\" aria-label=\"3 of 17\"><figure class=\"swiper-slide-inner\"><img decoding=\"async\" class=\"swiper-slide-image\" src=\"https:\/\/campus.univ-lyon1.fr\/cclyonest\/files\/elementor\/thumbs\/AdobeStock_58543327-scaled-pivd0dahvfqzn4qdt5a0qflbjwosmgo5ageezqgcv4.jpeg\" alt=\"Classical music concept: cello, violin, piano and a score\" \/><\/figure><\/div><div class=\"swiper-slide\" role=\"group\" aria-roledescription=\"slide\" aria-label=\"4 of 17\"><figure class=\"swiper-slide-inner\"><img decoding=\"async\" class=\"swiper-slide-image\" src=\"https:\/\/campus.univ-lyon1.fr\/cclyonest\/files\/elementor\/thumbs\/AdobeStock_67790620-scaled-pivd0okk5g6fig9zza5jkcquoj576twxc088r1zmsg.jpeg\" alt=\"Classical music concept: cello, violin, piano and a score\" \/><\/figure><\/div><div class=\"swiper-slide\" role=\"group\" aria-roledescription=\"slide\" aria-label=\"5 of 17\"><figure class=\"swiper-slide-inner\"><img decoding=\"async\" class=\"swiper-slide-image\" src=\"https:\/\/campus.univ-lyon1.fr\/cclyonest\/files\/elementor\/thumbs\/AdobeStock_71759386-scaled-pivd11qat4og0zqvufubj9fazxcc6ld61td1gxg4dc.jpeg\" alt=\"Conductor directing symphony orchestra with performers on background, hands close-up.\" \/><\/figure><\/div><div class=\"swiper-slide\" role=\"group\" aria-roledescription=\"slide\" aria-label=\"6 of 17\"><figure class=\"swiper-slide-inner\"><img decoding=\"async\" class=\"swiper-slide-image\" src=\"https:\/\/campus.univ-lyon1.fr\/cclyonest\/files\/elementor\/thumbs\/AdobeStock_143925690-scaled-pivd1grpuh916r51emccn5moi3a7lr0vfvst5cttls.jpeg\" alt=\"musician hands on guitar neck. black and white, music background\" \/><\/figure><\/div><div class=\"swiper-slide\" role=\"group\" aria-roledescription=\"slide\" aria-label=\"7 of 17\"><figure class=\"swiper-slide-inner\"><img decoding=\"async\" class=\"swiper-slide-image\" src=\"https:\/\/campus.univ-lyon1.fr\/cclyonest\/files\/elementor\/thumbs\/AdobeStock_144325026-scaled-pivd1oafd5jbrmu46pld73qd9695bbuq4x0ozkio80.jpeg\" alt=\"TEL AVIV, ISRAEL - APRIL 12, 2016: Girl looks at a painting at the Museum of Art\" \/><\/figure><\/div><div class=\"swiper-slide\" role=\"group\" aria-roledescription=\"slide\" aria-label=\"8 of 17\"><figure class=\"swiper-slide-inner\"><img decoding=\"async\" class=\"swiper-slide-image\" src=\"https:\/\/campus.univ-lyon1.fr\/cclyonest\/files\/elementor\/thumbs\/AdobeStock_176065833-scaled-pivd1vt4vttmcij6ysudr1u209830wokty8kts7iu8.jpeg\" alt=\"Musicians playing the violin close up.\" \/><\/figure><\/div><div class=\"swiper-slide\" role=\"group\" aria-roledescription=\"slide\" aria-label=\"9 of 17\"><figure class=\"swiper-slide-inner\"><img decoding=\"async\" class=\"swiper-slide-image\" src=\"https:\/\/campus.univ-lyon1.fr\/cclyonest\/files\/elementor\/thumbs\/AdobeStock_224223239-scaled-pivd265cz07rw846afba0h84jht4dktmjdex3ts6xs.jpeg\" alt=\"part of a violin on a black background with hard light\" \/><\/figure><\/div><div class=\"swiper-slide\" role=\"group\" aria-roledescription=\"slide\" aria-label=\"10 of 17\"><figure class=\"swiper-slide-inner\"><img decoding=\"async\" class=\"swiper-slide-image\" src=\"https:\/\/campus.univ-lyon1.fr\/cclyonest\/files\/elementor\/thumbs\/AdobeStock_239332001-scaled-pivd2id9fuoi35mfb2lfew549i4w5n64x1w8cfa2ow.jpeg\" alt=\"violoncelle musique classique orchestre archet corde instrument symphonique musicien concert\" \/><\/figure><\/div><div class=\"swiper-slide\" role=\"group\" aria-roledescription=\"slide\" aria-label=\"11 of 17\"><figure class=\"swiper-slide-inner\"><img decoding=\"async\" class=\"swiper-slide-image\" src=\"https:\/\/campus.univ-lyon1.fr\/cclyonest\/files\/elementor\/thumbs\/AdobeStock_249763817-scaled-pivd2tnbpv3xyh61h7gy8tane4laq0ewylq23qtcm8.jpeg\" alt=\"retro violin on a black background\" \/><\/figure><\/div><div class=\"swiper-slide\" role=\"group\" aria-roledescription=\"slide\" aria-label=\"12 of 17\"><figure class=\"swiper-slide-inner\"><img decoding=\"async\" class=\"swiper-slide-image\" src=\"https:\/\/campus.univ-lyon1.fr\/cclyonest\/files\/elementor\/thumbs\/AdobeStock_262617562-scaled-pivd331pm7gt6ksdybj7xqx9bzayuzg8bw8wwifew0.jpeg\" alt=\"Group of dancer in colored clothes dancing on the stage in long exposure. Dark background\" \/><\/figure><\/div><div class=\"swiper-slide\" role=\"group\" aria-roledescription=\"slide\" aria-label=\"13 of 17\"><figure class=\"swiper-slide-inner\"><img decoding=\"async\" class=\"swiper-slide-image\" src=\"https:\/\/campus.univ-lyon1.fr\/cclyonest\/files\/elementor\/thumbs\/AdobeStock_288513054-scaled-pivd3ddxpduyqadd9y0476bbv7w07nla1bf96k02zk.jpeg\" alt=\"Rome, Italy - June 22, 2018: Baroque marble sculpture Rape of Proserpine by Bernini 1621 in Galleria Borghese of Villa Borghese\" \/><\/figure><\/div><div class=\"swiper-slide\" role=\"group\" aria-roledescription=\"slide\" aria-label=\"14 of 17\"><figure class=\"swiper-slide-inner\"><img decoding=\"async\" class=\"swiper-slide-image\" src=\"https:\/\/campus.univ-lyon1.fr\/cclyonest\/files\/elementor\/thumbs\/AdobeStock_302747789-scaled-pivd3y2dvqn9tpjbx6xwq13gxp22wzvdg5rxqn5f6o.jpeg\" alt=\"David sculpture by Michelangelo. Close up with dark background.\" \/><\/figure><\/div><div class=\"swiper-slide\" role=\"group\" aria-roledescription=\"slide\" aria-label=\"15 of 17\"><figure class=\"swiper-slide-inner\"><img decoding=\"async\" class=\"swiper-slide-image\" src=\"https:\/\/campus.univ-lyon1.fr\/cclyonest\/files\/elementor\/thumbs\/AdobeStock_339859118-scaled-pivd4ezharafmour6e96ywtrmmqorjqjihiodmgc2o.jpeg\" alt=\"classic retro violin music string instrumt with old music note sheet paper on old oak wood wooden background. classical musical romantic valentines day concept.\" \/><\/figure><\/div><div class=\"swiper-slide\" role=\"group\" aria-roledescription=\"slide\" aria-label=\"16 of 17\"><figure class=\"swiper-slide-inner\"><img decoding=\"async\" class=\"swiper-slide-image\" src=\"https:\/\/campus.univ-lyon1.fr\/cclyonest\/files\/elementor\/thumbs\/AdobeStock_340543778-scaled-pivd4q9jkrpvi0edcj4pstzar973bwzbk1ci4xzm00.jpeg\" alt=\"Concert of voice and orchestra\" \/><\/figure><\/div><div class=\"swiper-slide\" role=\"group\" aria-roledescription=\"slide\" aria-label=\"17 of 17\"><figure class=\"swiper-slide-inner\"><img decoding=\"async\" class=\"swiper-slide-image\" src=\"https:\/\/campus.univ-lyon1.fr\/cclyonest\/files\/elementor\/thumbs\/AdobeStock_364847331_Editorial_Use_Only-scaled-pivd4yq3aa1gei22z4scx9ug3q1e96wwl77vgfn2g0.jpeg\" alt=\"NEW YORK, USA - SEP 25, 2015: European painter&#039;s picture gallery in the Metropolitan Museum of Art (the Met), the largest art museum in the United States of America\" \/><\/figure><\/div>\t\t\t<\/div>\n\t\t\t\t\t\t\t\t\t\t\t\t<div class=\"elementor-swiper-button elementor-swiper-button-prev\" role=\"button\" tabindex=\"0\">\n\t\t\t\t\t\t<i aria-hidden=\"true\" class=\"eicon-chevron-left\"><\/i>\t\t\t\t\t<\/div>\n\t\t\t\t\t<div class=\"elementor-swiper-button elementor-swiper-button-next\" role=\"button\" tabindex=\"0\">\n\t\t\t\t\t\t<i aria-hidden=\"true\" class=\"eicon-chevron-right\"><\/i>\t\t\t\t\t<\/div>\n\t\t\t\t\n\t\t\t\t\t\t\t\t\t<\/div>\n\t\t\t\t<\/div>\n\t\t\t\t<\/div>\n\t\t\t\t\t<\/div>\n\t\t<\/div>\n\t\t\t\t\t<\/div>\n\t\t<\/section>\n\t\t\t\t<section class=\"elementor-section elementor-top-section elementor-element elementor-element-86eddba elementor-section-boxed elementor-section-height-default elementor-section-height-default\" data-id=\"86eddba\" data-element_type=\"section\">\n\t\t\t\t\t\t<div class=\"elementor-container elementor-column-gap-default\">\n\t\t\t\t\t<div class=\"elementor-column elementor-col-100 elementor-top-column elementor-element elementor-element-4854749\" data-id=\"4854749\" data-element_type=\"column\">\n\t\t\t<div class=\"elementor-widget-wrap elementor-element-populated\">\n\t\t\t\t\t\t<div class=\"elementor-element elementor-element-08bc518 eael_simple_menu_hamburger_disable_selected_menu_hide eael-simple-menu-hamburger-align-center eael-hamburger--tablet elementor-widget elementor-widget-eael-simple-menu\" data-id=\"08bc518\" data-element_type=\"widget\" data-widget_type=\"eael-simple-menu.default\">\n\t\t\t\t<div class=\"elementor-widget-container\">\n\t\t\t<style>\n                        @media screen and (max-width: 1024px) {\n                            .eael-hamburger--tablet {\n                                .eael-simple-menu-horizontal,\n                                .eael-simple-menu-vertical {\n                                    display: none;\n                                }\n                            }\n                            .eael-hamburger--tablet {\n                                .eael-simple-menu-container .eael-simple-menu-toggle {\n                                    display: block;\n                                }\n                            }\n                        }\n                    <\/style>            <div data-hamburger-icon=\"&lt;i aria-hidden=&quot;true&quot; class=&quot;fas fa-bars&quot;&gt;&lt;\/i&gt;\" data-indicator-icon=\"&lt;i aria-hidden=&quot;true&quot; class=&quot;fas fa-angle-down&quot;&gt;&lt;\/i&gt;\" data-dropdown-indicator-icon=\"&lt;i class=&quot;fas fa-angle-down&quot;&gt;&lt;\/i&gt;\" class=\"eael-simple-menu-container eael-simple-menu-align-center eael-simple-menu--stretch eael-simple-menu-dropdown-align-left preset-3\" data-hamburger-breakpoints=\"{&quot;mobile&quot;:&quot;Mobile Portrait (&gt; 767px)&quot;,&quot;tablet&quot;:&quot;Tablet Portrait (&gt; 1024px)&quot;,&quot;desktop&quot;:&quot;Desktop (&gt; 2400px)&quot;,&quot;none&quot;:&quot;None&quot;}\" data-hamburger-device=\"tablet\">\n                <ul id=\"menu-principal\" class=\"eael-simple-menu eael-simple-menu-dropdown-animate-fade eael-simple-menu-indicator eael-simple-menu-horizontal\"><li id=\"menu-item-137\" class=\"menu-item menu-item-type-post_type menu-item-object-page menu-item-home menu-item-137\"><a href=\"https:\/\/campus.univ-lyon1.fr\/cclyonest\/\">Accueil<\/a><\/li>\n<li id=\"menu-item-1314\" class=\"menu-item menu-item-type-post_type menu-item-object-page menu-item-has-children menu-item-1314\"><a href=\"https:\/\/campus.univ-lyon1.fr\/cclyonest\/la-commission-culture\/\">La Commission<\/a>\n<ul class=\"sub-menu\">\n\t<li id=\"menu-item-506\" class=\"menu-item menu-item-type-post_type menu-item-object-page menu-item-506\"><a href=\"https:\/\/campus.univ-lyon1.fr\/cclyonest\/membres\/\">Membres<\/a><\/li>\n\t<li id=\"menu-item-562\" class=\"menu-item menu-item-type-post_type menu-item-object-page menu-item-562\"><a href=\"https:\/\/campus.univ-lyon1.fr\/cclyonest\/objectifs-2\/\">Objectifs<\/a><\/li>\n\t<li id=\"menu-item-792\" class=\"menu-item menu-item-type-post_type menu-item-object-page menu-item-792\"><a href=\"https:\/\/campus.univ-lyon1.fr\/cclyonest\/projets\/\">Projets<\/a><\/li>\n\t<li id=\"menu-item-507\" class=\"menu-item menu-item-type-post_type menu-item-object-page menu-item-507\"><a href=\"https:\/\/campus.univ-lyon1.fr\/cclyonest\/residence-dartistes\/\">R\u00e9sidence d\u2019artistes<\/a><\/li>\n\t<li id=\"menu-item-192\" class=\"menu-item menu-item-type-post_type menu-item-object-page menu-item-192\"><a href=\"https:\/\/campus.univ-lyon1.fr\/cclyonest\/partenaires\/\">Partenaires<\/a><\/li>\n<\/ul>\n<\/li>\n<li id=\"menu-item-1226\" class=\"menu-item menu-item-type-custom menu-item-object-custom menu-item-has-children menu-item-1226\"><a href=\"#\">Ev\u00e8nements<\/a>\n<ul class=\"sub-menu\">\n\t<li id=\"menu-item-194\" class=\"menu-item menu-item-type-post_type menu-item-object-page menu-item-194\"><a href=\"https:\/\/campus.univ-lyon1.fr\/cclyonest\/agenda\/\">Agenda<\/a><\/li>\n\t<li id=\"menu-item-197\" class=\"menu-item menu-item-type-post_type menu-item-object-page menu-item-197\"><a href=\"https:\/\/campus.univ-lyon1.fr\/cclyonest\/conferences\/\">Conf\u00e9rences<\/a><\/li>\n\t<li id=\"menu-item-508\" class=\"menu-item menu-item-type-post_type menu-item-object-page menu-item-508\"><a href=\"https:\/\/campus.univ-lyon1.fr\/cclyonest\/expositions-2\/\">Expositions<\/a><\/li>\n<\/ul>\n<\/li>\n<li id=\"menu-item-1238\" class=\"menu-item menu-item-type-custom menu-item-object-custom menu-item-has-children menu-item-1238\"><a href=\"#\">C\u00e9r\u00e9monies<\/a>\n<ul class=\"sub-menu\">\n\t<li id=\"menu-item-201\" class=\"menu-item menu-item-type-post_type menu-item-object-page menu-item-201\"><a href=\"https:\/\/campus.univ-lyon1.fr\/cclyonest\/baptemes\/\">Bapt\u00eame de promotion<\/a><\/li>\n\t<li id=\"menu-item-509\" class=\"menu-item menu-item-type-post_type menu-item-object-page menu-item-509\"><a href=\"https:\/\/campus.univ-lyon1.fr\/cclyonest\/remise-de-diplomes\/\">Remise de dipl\u00f4mes<\/a><\/li>\n<\/ul>\n<\/li>\n<li id=\"menu-item-534\" class=\"menu-item menu-item-type-post_type menu-item-object-page menu-item-534\"><a href=\"https:\/\/campus.univ-lyon1.fr\/cclyonest\/uelc-mmn\/\">UELC MMN<\/a><\/li>\n<\/ul>                <button class=\"eael-simple-menu-toggle\">\n                    <span class=\"sr-only \">Hamburger Toggle Menu<\/span>\n                    <i aria-hidden=\"true\" class=\"fas fa-bars\"><\/i>                <\/button>\n            <\/div>\n            \t\t<\/div>\n\t\t\t\t<\/div>\n\t\t\t\t\t<\/div>\n\t\t<\/div>\n\t\t\t\t\t<\/div>\n\t\t<\/section>\n\t\t\t\t<section class=\"elementor-section elementor-top-section elementor-element elementor-element-6f04430 elementor-section-boxed elementor-section-height-default elementor-section-height-default\" data-id=\"6f04430\" data-element_type=\"section\">\n\t\t\t\t\t\t<div class=\"elementor-container elementor-column-gap-default\">\n\t\t\t\t\t<div class=\"elementor-column elementor-col-100 elementor-top-column elementor-element elementor-element-5f7db72\" data-id=\"5f7db72\" data-element_type=\"column\">\n\t\t\t<div class=\"elementor-widget-wrap elementor-element-populated\">\n\t\t\t\t\t\t<div class=\"elementor-element elementor-element-c0f9a9e elementor-widget elementor-widget-heading\" data-id=\"c0f9a9e\" data-element_type=\"widget\" data-widget_type=\"heading.default\">\n\t\t\t\t<div class=\"elementor-widget-container\">\n\t\t\t<h2 class=\"elementor-heading-title elementor-size-medium\">Promotion 2021 - Marie Sklodowska-Curie<\/h2>\t\t<\/div>\n\t\t\t\t<\/div>\n\t\t\t\t\t<\/div>\n\t\t<\/div>\n\t\t\t\t\t<\/div>\n\t\t<\/section>\n\t\t\t\t<section class=\"elementor-section elementor-top-section elementor-element elementor-element-c6b6521 elementor-section-boxed elementor-section-height-default elementor-section-height-default\" data-id=\"c6b6521\" data-element_type=\"section\">\n\t\t\t\t\t\t<div class=\"elementor-container elementor-column-gap-default\">\n\t\t\t\t\t<div class=\"elementor-column elementor-col-100 elementor-top-column elementor-element elementor-element-64dfe88\" data-id=\"64dfe88\" data-element_type=\"column\">\n\t\t\t<div class=\"elementor-widget-wrap elementor-element-populated\">\n\t\t\t\t\t\t<div class=\"elementor-element elementor-element-21671d0 elementor-widget elementor-widget-text-editor\" data-id=\"21671d0\" data-element_type=\"widget\" data-widget_type=\"text-editor.default\">\n\t\t\t\t<div class=\"elementor-widget-container\">\n\t\t\t\t\t\t\t<p>voici le programme musical de la c\u00e9r\u00e9monie 2021 de bapt\u00eame de la promotion Marie Sklodowska-Curie\u00a0: <br \/><br \/><b>Ouverture\u00a0<\/b>: \u00ab\u00a0Les quatre saisons &#8211; l\u2019orage\u00a0\u00bb de Antonio Vivaldi (1678-1741), <br \/><b>Pr\u00e9-conf\u00e9rence<\/b>\u00a0: Lili Boulanger (1893-1918), <br \/><b>Post-conf\u00e9rence<\/b>\u00a0: \u00ab\u00a0La jeune fille et la mort\u00a0\u00bb de Franz Schubert (1797-1828).<br \/><br \/><\/p>\t\t\t\t\t\t<\/div>\n\t\t\t\t<\/div>\n\t\t\t\t\t<\/div>\n\t\t<\/div>\n\t\t\t\t\t<\/div>\n\t\t<\/section>\n\t\t\t\t<section class=\"elementor-section elementor-top-section elementor-element elementor-element-4b0ee21 elementor-section-boxed elementor-section-height-default elementor-section-height-default\" data-id=\"4b0ee21\" data-element_type=\"section\">\n\t\t\t\t\t\t<div class=\"elementor-container elementor-column-gap-default\">\n\t\t\t\t\t<div class=\"elementor-column elementor-col-50 elementor-top-column elementor-element elementor-element-03071ad\" data-id=\"03071ad\" data-element_type=\"column\">\n\t\t\t<div class=\"elementor-widget-wrap elementor-element-populated\">\n\t\t\t\t\t\t<div class=\"elementor-element elementor-element-7c6245a elementor-view-framed elementor-shape-circle elementor-widget elementor-widget-icon\" data-id=\"7c6245a\" data-element_type=\"widget\" data-widget_type=\"icon.default\">\n\t\t\t\t<div class=\"elementor-widget-container\">\n\t\t\t\t\t<div class=\"elementor-icon-wrapper\">\n\t\t\t<div class=\"elementor-icon\">\n\t\t\t<i aria-hidden=\"true\" class=\"fas fa-video\"><\/i>\t\t\t<\/div>\n\t\t<\/div>\n\t\t\t\t<\/div>\n\t\t\t\t<\/div>\n\t\t\t\t\t<\/div>\n\t\t<\/div>\n\t\t\t\t<div class=\"elementor-column elementor-col-50 elementor-top-column elementor-element elementor-element-2347a8d\" data-id=\"2347a8d\" data-element_type=\"column\">\n\t\t\t<div class=\"elementor-widget-wrap elementor-element-populated\">\n\t\t\t\t\t\t<div class=\"elementor-element elementor-element-fe949fb elementor-widget elementor-widget-text-editor\" data-id=\"fe949fb\" data-element_type=\"widget\" data-widget_type=\"text-editor.default\">\n\t\t\t\t<div class=\"elementor-widget-container\">\n\t\t\t\t\t\t\t<p><a href=\"https:\/\/youtu.be\/eFgxfLvYb4U\">Enregistrement de l\u2019interview de <b>Madame la Professeur<\/b> <b>Dominique LEGULUDEC,<\/b> m\u00e9decin nucl\u00e9aire et directrice de la Haute Autorit\u00e9 de la Sant\u00e9 (HAS).<\/a><\/p>\t\t\t\t\t\t<\/div>\n\t\t\t\t<\/div>\n\t\t\t\t\t<\/div>\n\t\t<\/div>\n\t\t\t\t\t<\/div>\n\t\t<\/section>\n\t\t\t\t<\/div>\n\t\t","protected":false},"excerpt":{"rendered":"<p>\u00ab\u00a0L&rsquo;art, c&rsquo;est le plus court chemin de l&rsquo;homme \u00e0 l&rsquo;homme\u00a0\u00bbAndr\u00e9 Malraux Pr\u00e9c\u00e9dent Suivant Accueil La Commission Membres Objectifs Projets R\u00e9sidence d\u2019artistes Partenaires Ev\u00e8nements Agenda Conf\u00e9rences Expositions C\u00e9r\u00e9monies Bapt\u00eame de promotion [&hellip;]<\/p>\n","protected":false},"author":2352,"featured_media":0,"parent":0,"menu_order":0,"comment_status":"closed","ping_status":"closed","template":"elementor_canvas","meta":[],"_links":{"self":[{"href":"https:\/\/campus.univ-lyon1.fr\/cclyonest\/wp-json\/wp\/v2\/pages\/486"}],"collection":[{"href":"https:\/\/campus.univ-lyon1.fr\/cclyonest\/wp-json\/wp\/v2\/pages"}],"about":[{"href":"https:\/\/campus.univ-lyon1.fr\/cclyonest\/wp-json\/wp\/v2\/types\/page"}],"author":[{"embeddable":true,"href":"https:\/\/campus.univ-lyon1.fr\/cclyonest\/wp-json\/wp\/v2\/users\/2352"}],"replies":[{"embeddable":true,"href":"https:\/\/campus.univ-lyon1.fr\/cclyonest\/wp-json\/wp\/v2\/comments?post=486"}],"version-history":[{"count":10,"href":"https:\/\/campus.univ-lyon1.fr\/cclyonest\/wp-json\/wp\/v2\/pages\/486\/revisions"}],"predecessor-version":[{"id":1301,"href":"https:\/\/campus.univ-lyon1.fr\/cclyonest\/wp-json\/wp\/v2\/pages\/486\/revisions\/1301"}],"wp:attachment":[{"href":"https:\/\/campus.univ-lyon1.fr\/cclyonest\/wp-json\/wp\/v2\/media?parent=486"}],"curies":[{"name":"wp","href":"https:\/\/api.w.org\/{rel}","templated":true}]}}